 when 168 is divided by 74?
20
Calculate the remainder when 137 is divided by 39.
20
Calculate the remainder when 3707 is divided by 206.
205
Calculate the remainder when 251 is divided by 51.
47
Calculate the remainder when 524 is divided by 312.
212
Calculate the remainder when 311 is divided by 48.
23
Calculate the remainder when 5717 is divided by 88.
85
What is the remainder when 2091 is divided by 28?
19
Calculate the remainder when 1396 is divided by 96.
52
Calculate the remainder when 19 is divided by 9.
1
What is the remainder when 510 is divided by 52?
42
Calculate the remainder when 3038 is divided by 190.
188
What is the remainder when 9937 is divided by 35?
32
Calculate the remainder when 507 is divided by 86.
77
What is the remainder when 1589 is divided by 11?
5
Calculate the remainder when 1226 is divided by 609.
8
What is the remainder when 182 is divided by 93?
89
What is the remainder when 5205 is divided by 168?
165
Calculate the remainder when 3901 is divided by 81.
13
Calculate the remainder when 103 is divided by 22.
15
What is the remainder when 14 is divided by 3?
2
What is the remainder when 163 is divided by 42?
37
Calculate the remainder when 3966 is divided by 31.
29
What is the remainder when 83 is divided by 24?
11
What is the remainder when 4312 is divided by 310?
282
What is the remainder when 3903 is divided by 975?
3
Calculate the remainder when 116 is divided by 73.
43
What is the remainder when 132 is divided by 22?
0
Calculate the remainder when 1803 is divided by 5.
3
Calculate the remainder when 434 is divided by 19.
16
What is the remainder when 377 is divided by 11?
3
Calculate the remainder when 197 is divided by 33.
32
Calculate the remainder when 657 is divided by 20.
17
What is the remainder when 1301 is divided by 129?
11
Calculate the remainder when 1781 is divided by 21.
17
What is the remainder when 204 is divided by 35?
29
Calculate the remainder when 61 is divided by 55.
6
Calculate the remainder when 305 is divided by 39.
32
What is the remainder when 1711 is divided by 132?
127
Calculate the remainder when 270 is divided by 16.
14
What is the remainder when 37 is divided by 30?
7
What is the remainder when 148 is divided by 42?
22
Calculate the remainder when 290 is divided by 73.
71
What is the remainder when 38805 is divided by 18?
15
Calculate the remainder when 3361 is divided by 9.
4
Calculate the remainder when 6717 is divided by 70.
67
What is the remainder when 4745 is divided by 2363?
19
Calculate the remainder when 311 is divided by 13.
12
What is the remainder when 110 is divided by 3?
2
Calculate the remainder when 797 is divided by 265.
2
What is the remainder when 113 is divided by 58?
55
What is the remainder when 464 is divided by 153?
5
Calculate the remainder when 6465 is divided by 122.
121
What is the remainder when 9299 is divided by 60?
59
What is the remainder when 245 is divided by 110?
25
Calculate the remainder when 91 is divided by 12.
7
What is the remainder when 441 is divided by 149?
143
Calculate the remainder when 1244 is divided by 279.
128
What is the remainder when 1350 is divided by 335?
10
What is the remainder when 139 is divided by 39?
22
What is the remainder when 567 is divided by 193?
181
What is the remainder when 5584 is divided by 151?
148
What is the remainder when 86 is divided by 29?
28
Calculate the remainder when 248 is divided by 29.
16
Calculate the remainder when 374 is divided by 131.
112
Calculate the remainder when 6119 is divided by 45.
44
What is the remainder when 711 is divided by 55?
51
What is the remainder when 798 is divided by 25?
23
Calculate the remainder when 2975 is divided by 248.
247
What is the remainder when 541 is divided by 14?
9
What is the remainder when 160 is divided by 47?
19
Calculate the remainder when 266 is divided by 67.
65
Calculate the remainder when 269 is divided by 91.
87
Calculate the remainder when 361 is divided by 41.
33
What is the remainder when 38519 is divided by 40?
39
What is the remainder when 5 is divided by 3?
2
Calculate the remainder when 12208 is divided by 30.
28
Calculate the remainder when 273 is divided by 31.
25
What is the remainder when 603 is divided by 122?
115
What is the remainder when 878 is divided by 63?
59
Calculate the remainder when 2309 is divided by 33.
32
Calculate the remainder when 3930 is divided by 304.
282
Calculate the remainder when 530 is divided by 92.
70
Calculate the remainder when 391 is divided by 49.
48
What is the remainder when 7015 is divided by 45?
40
What is the remainder when 4166 is divided by 73?
5
Calculate the remainder when 653 is divided by 163.
1
Calculate the remainder when 78 is divided by 48.
30
Calculate the remainder when 318 is divided by 46.
42
What is the remainder when 7396 is divided by 37?
33
What is the remainder when 23 is divided by 10?
3
What is the remainder when 19 is divided by 17?
2
Calculate the remainder when 1600 is divided by 398.
8
What is the remainder when 191 is divided by 24?
23
Calculate the remainder when 239 is divided by 222.
17
Calculate the remainder when 95 is divided by 6.
5
What is the remainder when 542 is divided by 39?
35
What is the remainder when 258 is divided by 130?
128
What is the remainder when 193 is divided by 66?
61
What is the remainder when 29 is divided by 10?
9
Calculate the remainder when 226 is divided by 15.
1
Calculate the remainder when 160 is divided by 28.
20
What is the remainder when 82 is divided by 28?
26
What is the remainder when 94 is divided by 40?
14
Calculate the remainder when 1763 is divided by 267.
161
Calculate the remainder when 63 is divided by 59.
4
What is the remainder when 38 is divided by 28?
10
What is the remainder when 4197 is divided by 145?
137
Calculate the remainder when 723 is divided by 33.
30
Calculate the remainder when 79 is divided by 12.
7
What is the remainder when 242 is divided by 58?
10
What is the remainder when 5 is divided by 1?
0
What is the remainder when 42 is divided by 8?
2
Calculate the remainder when 220 is divided by 13.
12
What is the remainder when 453 is divided by 65?
63
What is the remainder when 1510 is divided by 63?
61
What is the remainder when 124 is divided by 50?
24
Calculate the remainder when 682 is divided by 86.
80
What is the remainder when 1470 is divided by 25?
20
Calculate the remainder when 72 is divided by 20.
12
What is the remainder when 261 is divided by 12?
9
Calculate the remainder when 11052 is divided by 201.
198
What is the remainder when 447 is divided by 47?
24
Calculate the remainder when 572 is divided by 14.
12
Calculate the remainder when 5056 is divided by 18.
16
Calculate the remainder when 1109 is divided by 10.
9
What is the remainder when 44 is divided by 41?
3
What is the remainder when 239 is divided by 4?
3
Calculate the remainder when 74 is divided by 20.
14
Calculate the remainder when 31507 is divided by 23.
20
What is the remainder when 276 is divided by 19?
10
What is the remainder when 194 is divided by 14?
12
What is the remainder when 148 is divided by 17?
12
What is the remainder when 126 is divided by 3?
0
What is the remainder when 4991 is divided by 39?
38
Calculate the remainder when 71 is divided by 17.
3
What is the remainder when 1554 is divided by 17?
7
Calculate the remainder when 455 is divided by 3.
2
What is the remainder when 170 is divided by 36?
26
Calculate the remainder when 647 is divided by 150.
47
What is the remainder when 1057 is divided by 19?
12
What is the remainder when 201 is divided by 96?
9
What is the remainder when 478 is divided by 77?
16
What is the remainder when 482 is divided by 100?
82
What is the remainder when 632 is divided by 101?
26
Calculate the remainder when 56 is divided by 17.
5
What is the remainder when 201 is divided by 13?
6
Calculate the remainder when 1329 is divided by 95.
94
What is the remainder when 898 is divided by 50?
48
What is the remainder when 342 is divided by 86?
84
What is the remainder when 284 is divided by 36?
32
What is the remainder when 1317 is divided by 3?
0
What is the remainder when 89 is divided by 75?
14
What is the remainder when 171 is divided by 51?
18
Calculate the remainder when 338 is divide